t w(z) = -19*z**3 - z**2 - 4*z - 2. Suppose -3*m = -5*t + 283, 240 = 6*t - 2*t + m. What is the remainder when t is divided by w(-1)?
19
Let q(w) = w**2 - 2*w - 12. Calculate the remainder when q(-6) is divided by 13.
10
Let k(i) = 13*i - 4 + 7 + 7 - 3*i**2 + 2*i**2. Suppose 0*c - 20 = -2*c. What is the remainder when k(c) is divided by 14?
12
Suppose -2*m + 5*z + 38 = 0, -4*z + 6 + 0 = m. Let b(x) = -3*x + 7*x**2 + 0*x + 2*x. Calculate the remainder when b(2) is divided by m.
12
Let g be (24/(-10))/((-5)/25). Let o = g + 1. What is the remainder when 51 is divided by o?
12
Suppose -6*s + s = -5*i - 5, s + 5 = -5*i. Let m be (9 + s)/3 - -1. What is the remainder when 2 is divided by 2/m + 4/8?
0
Let h(r) = 61*r - 1. Let t be h(3). Suppose 63 + t = -5*x. What is the remainder when (-4)/(-14) - 2093/x is divided by 22?
21
Suppose 2*r = -3*d + 6*d - 31, 4 = -3*d - 5*r. Let i = d + -3. Suppose -a + 5*w + 80 = 4*a, -i*w - 12 = 0. What is the remainder when a is divided by 7?
6
Suppose -5*o = -59 + 24. Suppose 2*v = o*v - 15. Suppose b - 4 = -3*i, 0 = -b - 2*i - v + 8. What is the remainder when b is divided by 5?
2
Suppose s - 37 = -12. Let k = 14 - 0. Calculate the remainder when s is divided by k.
11
Suppose 4*w - 32 - 36 = 0. What is the remainder when 32 is divided by w?
15
Let a(q) = q**2 - 5*q + 2. Let n be a(6). Suppose -p - 9 = 2*p, -n = -2*c - 2*p. Calculate the remainder when 18 is divided by c.
4
Suppose q + 7*n = 2*n + 110, 12 = -3*n. What is the remainder when q is divided by 44?
42
Let a(h) be the third derivative of h**5/60 + 5*h**4/24 - h**3/2 + h**2. Calculate the remainder when a(-7) is divided by 1 + -3 + 10 + 2 - 3.
4
Let h(d) = 2*d - 8. What is the remainder when 22 is divided by h(7)?
4
Suppose 2*f - b - 11 = -6*b, 15 = 4*f + 3*b. Suppose 0 = -5*z + 8*z - 21. Calculate the remainder when z is divided by f.
1
Suppose -2*s = 2*u - 4*u - 24, 0 = 3*s + 3*u - 48. Let a = 20 - s. Calculate the remainder when a is divided by 4.
2
Suppose 2*q = q + 30. What is the remainder when q is divided by 11?
8
Suppose 20 = -0*n + 4*n. Let m = n - 4. Suppose -j + 13 = m. What is the remainder when 35 is divided by j?
11
Let y(u) = -u**3 - 9*u**2 - u - 4. Let q = 28 + -10. Calculate the remainder when q is divided by y(-9).
3
Let z = -13 - -24. Calculate the remainder when 28 is divided by z.
6
Let c be 4/(-1) - -1 - -11. Let q = -6 + c. Suppose 4*h = a - q*a + 19, 0 = -5*a + 3*h + 26. What is the remainder when 13 is divided by a?
6
Let n = -89 + 96. Calculate the remainder when 34/((-4)/(-2)) + 2 is divided by n.
5
Suppose -6*q + q + 70 = 0. Let x = -8 + q. Calculate the remainder when 17 is divided by x.
5
Calculate the remainder when 4/10 + 38/5 is divided by 3.
2
Calculate the remainder when 2*(90/4 + (-28)/7) is divided by 10.
7
Let d(a) = a**2 + a + 46. What is the remainder when d(0) is divided by 12?
10
Let k = 18 + 9. What is the remainder when k is divided by 15?
12
Suppose 0 = 2*j + 4*q - 30, 4*j + 0*q = 4*q. Suppose -x = -3*z + 55, 38 = j*z - 3*x - 59. Calculate the remainder when z is divided by 6.
5
Suppose -2*w = 6, -2*w - 3*w = -4*n + 163. Let l be (4 - n)*(-2)/6. Suppose 2*d - 11 = l. Calculate the remainder when 32 is divided by d.
10
Let p(f) = -f**3 + 9*f**2 - 7*f + 6. Suppose 0 = -3*c - d + 74, 7*d - 2*d - 32 = -2*c. Calculate the remainder when (c/(-8))/((-4)/32) is divided by p(8).
12
Let q = 8 - 4. Suppose -q = 4*w - 12. Suppose -3*a - w*h + 69 = 0, 4*h - 117 = -5*a - 0*a. What is the remainder when 61 is divided by a?
19
Suppose -2*a + 3*a + 30 = 3*k, 5*a - 59 = -4*k. Suppose -k - 4 = -3*l. What is the remainder when 46 is divided by (-166)/(-10) - 3/l?
14
Let b(m) = 3*m**3 - 4*m**2 + 1. Let p(i) = -2*i - 4. Let v be (-24)/4 - (-1 - 1). What is the remainder when b(2) is divided by p(v)?
1
Let p(d) = d**3 - 7*d**2 + 4. Let s be p(7). Suppose -20 = s*w - 4*y, 4*w + y + 17 = 2*y. Let l(m) = m**2 - 2. What is the remainder when 26 is divided by l(w)?
12
Let p = -28 + 41. Calculate the remainder when 180 is divided by p.
11
Let y(q) = q**3 - 7*q**2 + 6*q - 6. Suppose -s + 20 = 4*s. Let h be y(s). Calculate the remainder when 32 is divided by 1/(1 + h/33).
10
Let g(l) = l + 3. Let q be g(-7). Let u = 6 + q. Calculate the remainder when 2 is divided by u.
0
Let k(v) = 5*v**3 - v**2 - 2*v - 1. Calculate the remainder when k(2) is divided by 11.
9
Let o(a) = a**2 - 1. Let h(n) = n**3 + 3*n. Let f(l) = h(l) - 3*o(l). What is the remainder when f(5) is divided by ((-6)/2 + 49)/2?
22
Let h(u) = -u**2 - 3*u + 1. Let t be h(-3). Suppose -3*j = -13 + t. Suppose -o - 132 = -j*o. What is the remainder when o is divided by 15?
14
Let m(q) = q**3 - 6*q**2 + q - 2. Let p be m(6). Suppose -2*n - 2 = -3*n + p*s, 0 = 5*n - s - 67. Calculate the remainder when 39 is divided by n.
11
Suppose 7*v - z - 94 = 4*v, v + z - 34 = 0. Calculate the remainder when v is divided by 2*((-42)/(-4) - 2).
15
Let s(m) = -m + 54. Calculate the remainder when 71 is divided by s(28).
19
Let q(y) = 2*y + 35. Calculate the remainder when q(12) is divided by 16.
11
Let m = -4 + 10. Let u(x) = 4*x - 2. Let r be u(2). What is the remainder when r/(-9)*-3*5 is divided by m?
4
Let r(h) = -6*h - 3. Suppose -2*c + 1 = 3*x - 7, -4*x = 3*c - 10. What is the remainder when r(c) is divided by 6?
3
Suppose 4*r = -0*r. Suppose r*k - 3*k + 12 = 0. Suppose 0 = -k*s + 7 + 17. What is the remainder when 17 is divided by s?
5
Suppose -l = 4*l - 90. Suppose 100 = -3*k - 4*s, 2*s - 12 = k + l. Calculate the remainder when (34/(-8))/(4/k) is divided by 12.
10
Calculate the remainder when 202/(-6)*(2 + -5) is divided by 35.
31
Let q = 0 + 2. Suppose -o - 15 = -q*o. Calculate the remainder when o is divided by 9.
6
Let m(s) = 29*s**2 + 2*s - 1. What is the remainder when 9/1*(-13)/(-1) is divided by m(1)?
27
What is the remainder when 79 is divided by ((-21)/(-5))/(4/20)?
16
Suppose 5*t - 97 = -4*m - 37, -m = -5*t + 60. Let j = 17 - t. Suppose 3*n = j*n - 26. What is the remainder when n is divided by 7?
6
Let k(q) = -q**2 + 15*q + 3. Let b be k(15). Suppose -d - 22 = -3*g - b*d, 4*d + 28 = 3*g. Calculate the remainder when 28 is divided by g.
4
Let u = 100 - 53. Calculate the remainder when u is divided by 25.
22
Calculate the remainder when 9/((-9)/20)*-3 is divided by 21.
18
Let c(r) = -3*r - 4. Let b be (-36)/(-8)*24/(-9). Calculate the remainder when 125 is divided by c(b).
29
Calculate the remainder when 35 is divided by (8 - -1)*(-22)/(-33).
5
Let p(r) = 18*r**3 - r**2 + r - 1. Calculate the remainder when 65 is divided by p(1).
14
Calculate the remainder when (-9)/(-6)*200/12 is divided by (-27)/(-6)*(3 + -1).
7
Let g = 12 - 6. Let x = -124 - -146. Calculate the remainder when x is divided by g.
4
Let y = -82 - -117. Let w be 2/((-2)/(-1)) - -2. Suppose 4*u = 2*m + 44, -3*u - w*m - 2*m + 46 = 0. Calculate the remainder when y is divided by u.
11
Let w(l) = -l + 18. Let c be w(13). Suppose -30 = -3*x + 2*m, c*x - m - 54 = m. Calculate the remainder when 21 is divided by x.
9
Let u(z) = -2*z**2 + 13*z - 4. What is the remainder when 5 is divided by u(6)?
1
Suppose n - 17 = 25. What is the remainder when n is divided by 22?
20
Let t(s) = s**2. Let c(j) = -j. Let l be c(5). What is the remainder when t(l) is divided by 435/35 - (-12)/21?
12
Suppose 0 = -5*v + 3*p + 30, v - p - 13 = p. Suppose -6*m + v = -3*m. Calculate the remainder when 1 is divided by m.
0
Let b = 11 - 7. Suppose -5*j = 4*f - 3*f + 1, 3*f - b*j = 16. Suppose 3*r = f*r - 35. What is the remainder when r is divided by 12?
11
Suppose -21 = 5*z + 14. Let c = 12 + z. What is the remainder when 17 is divided by c?
2
Let p = 0 - -92. What is the remainder when p is divided by 19?
16
Calculate the remainder when 15 is divided by 1 + (-14)/((-4)/2).
7
Suppose -5*y + 92 + 98 = 0. Suppose 0 = -5*q + q + 2*v + y, -4*v + 1 = -q. Let s(c) = c**2 - 17. Calculate the remainder when s(-7) is divided by q.
10
Let n(b) = b**3 - 7*b**2 - 2*b - 11. What is the remainder when n(8) is divided by 8?
5
Suppose 2*k - 16 = -2. What is the remainder when 15 is divided by k?
1
Let x(j) = j**3 + 5*j**2 - 3*j + 2. Let t be x(-4). Suppose 2*m - t = 86. Let d = m - 4. What is the remainder when d is divided by 28?
26
Suppose 5*x + 5*p + 5 = 0